2 - (8 + u - 3). Determine s(a).
-11
Suppose -19*f + 21*f - 4 = 0. Let i(h) be the first derivative of -h**3/3 - h + 1. Calculate i(f).
-5
Suppose -2*h = -l - 7, 6*h - 18 = 8*h + 4*l. Let x(i) = i. What is x(h)?
1
Let r = -15 + 11. Let a be 1 + 1/(-2)*r. Let b(x) = -4*x - 1. Determine b(a).
-13
Let u(i) = -7*i**2 + 3*i - 5. Let b(s) = 11*s**2 - 4*s + 8. Let c(q) = 5*b(q) + 8*u(q). Let l be (-46)/(-10) + 4/10. Calculate c(l).
-5
Let n = 11 + -8. Suppose 5*z - 39 = -n*x, 0 = -3*z - 4*x + 2 + 28. Let w(o) = 3*o - 9. Calculate w(z).
9
Let b(u) = 2*u. Let i(l) be the first derivative of l**4/4 - 3*l**3 + 7*l**2/2 + 10*l + 2. Let m be i(8). Calculate b(m).
4
Let u(t) = 5*t**3 - 3*t**2 - t - 3. Let i(x) = -x**3 + x**2 + 1. Let g(b) = -4*i(b) - u(b). What is g(0)?
-1
Let m(q) = q**2 - 4*q + 3. Let v be m(5). Suppose v = 4*b - 0. Suppose 0 = b*t - t. Let i(x) = -x**2 - 6. What is i(t)?
-6
Let u(g) = -12*g - 18*g + 9 + 31*g. What is u(-6)?
3
Let u(j) = -1 + 5 + j - j**2 - 2. What is u(3)?
-4
Let p(c) = 5*c**2 + 2*c - 1. Let t(b) = b**2 - b - 1. Let s(g) = p(g) - 4*t(g). Give s(-5).
-2
Let o = 0 - -4. Let d(y) = y**2 - 10*y + 3. Let h be d(10). Let t(c) = -o - 2*c + 2*c + 4*c - h*c. What is t(0)?
-4
Let w(v) = -2*v + 1. Let b be w(-3). Suppose -u - 3*n - b = -5*n, 3*u - n + 11 = 0. Let s(q) = 5*q + 4. Give s(u).
-11
Suppose 5*z - 4 - 31 = 0. Suppose z*q = 3*q. Suppose q*t = 2*t. Let r(k) = -k - 4. Determine r(t).
-4
Let x(b) be the first derivative of -1/2*b**2 + 2 - b + 2/5*b**5 + 0*b**4 - 1/3*b**3. Let k(i) be the first derivative of x(i). Determine k(-1).
-7
Let s(j) = j - 1. Suppose 13 + 8 = 3*x. Determine s(x).
6
Let b(h) = -h + 1. Let z be 12/(-15)*5/(-2). Suppose 4*q + 41 = -m, -5*q - 3*m - z*m - 70 = 0. Let i be 3/9 + 48/q. Give b(i).
6
Let m(w) = -3 + w**2 + 0*w**2 + 7*w - 2*w**2. Let q = -60 - -41. Let x = q + 25. What is m(x)?
3
Suppose 21 = -4*s - 3*j, j + 24 = -4*s - 3*j. Let c = s + 3. Let q(n) = n + 2*n**3 - 5*n**3 - 5*n**2 - 4 + 2*n**3 + 4*n**2. Calculate q(c).
-4
Let v = -11 + 11. Suppose -5*x = -s - v*x - 2, 3*x + 6 = -3*s. Let m(o) = -3*o**2 + 3*o + 5. Let a(w) = w**2 - 1. Let f(k) = -5*a(k) - m(k). What is f(s)?
-2
Let o(a) = -2*a**3 - 3*a**2 - 6*a - 3. Let f(n) = n**3 + n**2 + 2*n + 1. Let j be 10*(-1 + (-9)/(-15)). Let m(s) = j*o(s) - 11*f(s). Calculate m(-1).
3
Let q(a) be the second derivative of a**5/20 + a**4/2 + a**2 - 8*a. Determine q(-6).
2
Let t = 1 - -2. Let l = -7 - -7. Let n(k) = 3 + l*k - 1 + 2*k - 1. Give n(t).
7
Let g(b) = -3*b**2 + 5*b - 2. Suppose 5*v + 4*t = v + 8, 5*v = 2*t + 17. What is g(v)?
-14
Let x(z) = 3 + 4*z + 0*z - 2 - 8*z. Determine x(2).
-7
Let m(b) = -b + 7. Let w(h) be the second derivative of h**5/20 + h**4/3 - 3*h**2/2 - 2*h. Let l be w(-3). Calculate m(l).
1
Suppose -5 = -v - 0. Let f = 9 - v. Let c(l) = -l + 3 + 0 - f. What is c(3)?
-4
Let n(t) = -t**2 + 4*t - 6. Let i(w) = w + 1. Let z(a) = 3*i(a) + n(a). Give z(5).
7
Suppose 14*q = 10*q - 4. Let s(k) be the third derivative of k**6/10 + k**5/60 - k**2. What is s(q)?
-11
Suppose f = -0*f - 1. Let i(m) = -11*m**2 - 2*m - 1. What is i(f)?
-10
Suppose 50 = 4*a - 14*a. Let z(b) = -b**2 - 2*b - 1. Determine z(a).
-16
Let i(y) = -5*y**2 + 5*y + 9. Let t(b) = 11*b**2 - 10*b - 19. Let g(z) = -9*i(z) - 4*t(z). Give g(5).
-5
Let u(n) = -n**2 + 9*n + 6. Let s be -3 + 396/32 - (-6)/(-16). Determine u(s).
6
Let a(g) = g + 1. Let z(m) = 2*m + 10. Let v(x) = 3*a(x) - z(x). What is v(6)?
-1
Let p(i) be the first derivative of -i**4/4 + i**3 + 3*i**2 - i - 4. What is p(4)?
7
Let u be (6 - 0 - 0) + -1. Suppose -o - o = -4*m + 26, 2*m = -5*o - u. Suppose -2*i + m*i = 3. Let l(z) = -2*z**3 - 2*z**2 + 1. Calculate l(i).
-3
Suppose 0 = -f + n - 3 + 12, -n = 5. Let h(c) = -c**2 + 6*c - 5. Let a be h(f). Let o(t) = -t**2 + 5*t - 2. Determine o(a).
4
Let u(p) = -p**2 - 4*p + 1. Let a(b) = 3*b**2 + 8*b - 3. Let o(j) = 2*a(j) + 5*u(j). Let z be 24/2*(-5)/(-15). Determine o(z).
-1
Let j(v) = -1. Let y(f) = -f - 5. Let s(d) = -4*j(d) + y(d). Suppose -o - 2*i - 8 + 11 = 0, -4*o = -4*i. Give s(o).
-2
Let w(o) = 2*o - 4. Suppose -2*m + 4*t - 5*t = -8, 0 = -m + 4*t - 5. Give w(m).
2
Let t(z) = 8*z - 7 + 2*z - z**2 + z. What is t(8)?
17
Suppose 5*g - 30 = -0*g. Let i(x) = -4 + 1 + 3*x - 2*x - 3. Determine i(g).
0
Let s(y) = -y**2 + 6*y - 2. Let q be s(5). Suppose q*j = -j + 8. Let v(b) = -b**j - 5*b + 1 + 2*b**2 - 3. What is v(5)?
-2
Suppose -5*h + 2 = 7. Let r = h - -6. Let b(f) = -2*f + 7. Give b(r).
-3
Let w be (-4)/(-8)*-1*-4. Let i(j) be the second derivative of 1/20*j**5 - 1/6*j**3 + 1/3*j**4 + 0 + 1/2*j**2 - w*j. Give i(-4).
5
Let t(y) = y + 0*y - 4*y + y**2 - 2*y**2 + 3. Let s(w) = w + 8. Let q be s(-5). Let a = q + -6. What is t(a)?
3
Let l(u) = -2*u**3 + 2*u. Suppose 4 = 2*p - 0. Determine l(p).
-12
Let h(o) be the second derivative of o**5/20 - o**4/6 - o**3/6 + o**2 + 8*o. Calculate h(2).
0
Let o(a) be the third derivative of -a**6/120 + a**5/12 + 3*a**4/8 - 5*a**3/6 + 48*a**2. Give o(6).
13
Let c(a) = -5*a + 61. Let g be c(14). Let m(u) = 2*u + 8. Determine m(g).
-10
Let i(c) = -2*c**3 - 2*c**2 - 4 - 2*c**2 + 3*c + c**3 + c. What is i(-5)?
1
Let l(d) be the first derivative of d**2/2 - 2. Suppose 0*y = -3*y - 3. Determine l(y).
-1
Let v(u) = u**2 - 8*u. Suppose -24*m + 29*m - 35 = 0. Give v(m).
-7
Let f(x) = 5*x**3 - 3*x**2 + 6*x - 4. Let q(r) = 4*r**3 - 4*r**2 + 5*r - 3. Let c(j) = -5*f(j) + 6*q(j). Give c(-9).
2
Let y be (-3 - 0) + 9/3. Suppose c + 18 = 3*p, y = -2*p - 4*c + 4 + 8. Let b(a) = a**2 - 5*a + 1. Calculate b(p).
7
Let b(d) = -d**3 + 5*d**2 + d + 3. Let l be b(6). Let g = -18 - l. Let z = g + -4. Let f(s) = 2*s - 4. What is f(z)?
6
Let o(z) = -2*z - 9. Suppose -2*n + 1 = a + 2, 4*n = 5*a + 47. Determine o(a).
5
Suppose 2*g + r = -5, -5*g + 14 - 4 = -2*r. Suppose -7*s + 6*s + 4 = g. Let m(i) = i**2 - 5*i - 2. Determine m(s).
-6
Let g(d) = -6 + 3*d**2 - d**2 - 16*d + 10*d - 3*d**2. Let q = -2 - -6. Suppose -w - 20 = 4*v - 0*v, -q*v = -5*w + 20. Give g(v).
-1
Let l(y) = 18 + 15 - 25 - y + y**3. What is l(0)?
8
Let n(k) = -10*k - 4. Let p(d) = 20*d + 7. Let u(z) = -5*n(z) - 3*p(z). Calculate u(1).
-11
Suppose -2*y = 3*y. Let v(h) be the first derivative of -h**3/3 + h**2/2 + 4*h - 6. Calculate v(y).
4
Let w(k) be the first derivative of -k**2/2 - k - 1. Let v(c) = -c**2 - c + 1. Let m be 2/9 + (-21)/(-27). Let t(i) = m*v(i) - w(i). What is t(-3)?
-7
Let c(l) be the second derivative of -l**5/20 + l**4/12 + l**3/6 - l**2/2 - 5*l. Determine c(-2).
9
Let u(p) = -p - 7. Let m(k) = k + 6. Let r(x) = 4*m(x) + 3*u(x). What is r(0)?
3
Let k(j) = -7*j - 3. Suppose 0 = -3*z + 3*w, 2 + 19 = 2*z + 5*w. Give k(z).
-24
Let h be (1 + 5)/(21/14). Suppose 2*q + 8 = h*q. Let s(z) = 1 - 1 + 2*z + 1 - z**2. Give s(q).
-7
Let x = 11 + -10. Let u = x + -1. Let r(v) = -v + 6. What is r(u)?
6
Let x(o) be the third derivative of -o**6/60 + o**5/15 - o**4/12 - o**3/3 + 9*o**2. Suppose -3*p - h + 14 = -3*h, 0 = -2*p - 4*h - 12. Give x(p).
-6
Suppose 4*h = 3*f - 21, -2*f + 0*f + 5*h + 21 = 0. Let b(d) = 0*d**2 + 0*d**2 - 1 - f*d - d**2. What is b(-3)?
-1
Let i(b) = b. Let r(t) = -t**3 - 6*t - 6*t**2 + 0*t**3 - 10 + 2*t**3. Let p be r(7). Let a be 12/p - (1 - 0). Calculate i(a).
-5
Let o(q) = q**3 - q**2 + 1. Let r be (-1 + 10/(-5))/(-1). What is o(r)?
19
Let n(r) = r**3 + r**2 - 2*r - 1. Let c be n(-2). Let m(k) = 21*k + 2 + 3 - 12. Let u(w) = 10*w - 3. Let j(o) = -4*m(o) + 9*u(o). What is j(c)?
-5
Suppose 18*n - 23*n = -15. Let i(f) = -f + 3. What is i(n)?
0
Let n be 2/(((-9)/(-6))/((-54)/8)). Let g(h) = -h**2 - 9*h - 11. Calculate g(n).
-11
Let y(p) be the third derivative of p**4/4 - 6*p**2. Suppose n - 3 = 4*n. What is y(n)?
-6
Suppose -t + 2 - 7 = 0. Let y be -14 - t - (-2 - 0). Let k(h) = -h**2 - 7*h - 1. Calculate k(y).
-1
Let l(q) = -q**3 + 5*q**2 - 4*q - 1. Let t be ((-9)/6)/(15/(-40)). Give l(t).
-1
Let w(y) be the first derivative of -y**4/4 + 4*y**3/3 - y**2/2 + y - 8. Determine w(2).
7
Let z(b) = -8*b - 12 + 14 + b**2 + 4*b. What is z(3)?
-1
Let m = -17 - -28. Let h = -2 + m. Suppose -n + 4 = h. Let v(f) = f + 3. Determine v(n).
-2
Let q(u) = -6*u - 10 + 3*u**2 + 11 - 2*u**2. What is q(4)?
-7
Let v(r) be the first derivative of r**4/4 + 8*r**3/3 + 3*r**2 - r + 22. Dete